factors of 444723.
3, 53, 2797
What are the prime factors of 3398128?
2, 212383
What are the prime factors of 99744?
2, 3, 1039
List the prime factors of 1288245.
3, 5, 7, 12269
List the prime factors of 955071.
3, 13, 907
List the prime factors of 9115146.
2, 3, 59, 2861
List the prime factors of 537894.
2, 3, 7, 1423
What are the prime factors of 22400878?
2, 107, 104677
List the prime factors of 224092.
2, 11, 463
What are the prime factors of 15617572?
2, 389, 10037
What are the prime factors of 378944?
2, 31, 191
List the prime factors of 176657.
13, 107, 127
What are the prime factors of 418061?
7, 59723
What are the prime factors of 10657537?
11, 19, 50993
What are the prime factors of 7789546?
2, 137, 28429
What are the prime factors of 342376?
2, 42797
What are the prime factors of 282992?
2, 23, 769
What are the prime factors of 115609?
13, 8893
What are the prime factors of 8341754?
2, 4170877
What are the prime factors of 354893?
7, 11, 419
What are the prime factors of 4681377?
3, 347, 1499
What are the prime factors of 2829949?
2829949
What are the prime factors of 304218?
2, 3, 16901
List the prime factors of 1626489.
3, 127, 1423
What are the prime factors of 1872046?
2, 11, 85093
List the prime factors of 840816.
2, 3, 5839
List the prime factors of 306811.
97, 3163
List the prime factors of 673827.
3, 7, 11, 2917
What are the prime factors of 1062541?
131, 8111
List the prime factors of 21224299.
2521, 8419
What are the prime factors of 3121407?
3, 73, 4751
What are the prime factors of 288036?
2, 3, 7, 127
List the prime factors of 333302.
2, 17, 9803
List the prime factors of 402244.
2, 227, 443
What are the prime factors of 386081?
233, 1657
List the prime factors of 2860137.
3, 7, 37, 409
List the prime factors of 1854660.
2, 3, 5, 30911
What are the prime factors of 133947?
3, 11, 41
List the prime factors of 3346664.
2, 487, 859
What are the prime factors of 102335?
5, 97, 211
What are the prime factors of 8035110?
2, 3, 5, 73, 1223
What are the prime factors of 124735?
5, 13, 19, 101
What are the prime factors of 3588328?
2, 101, 4441
List the prime factors of 426269.
439, 971
What are the prime factors of 51056?
2, 3191
List the prime factors of 1106094.
2, 3, 11, 16759
List the prime factors of 10454700.
2, 3, 5, 34849
List the prime factors of 8087413.
8087413
List the prime factors of 1965450.
2, 3, 5, 13103
List the prime factors of 1442778.
2, 3, 37, 67, 97
What are the prime factors of 162926?
2, 81463
List the prime factors of 1182863.
11, 191, 563
List the prime factors of 792094.
2, 211, 1877
What are the prime factors of 6502209?
3, 7, 309629
List the prime factors of 686930.
2, 5, 73, 941
List the prime factors of 255148.
2, 227, 281
List the prime factors of 208666.
2, 101, 1033
List the prime factors of 1707125.
5, 7, 1951
List the prime factors of 14682805.
5, 389, 7549
List the prime factors of 2270143.
59, 109, 353
What are the prime factors of 9247010?
2, 5, 97, 9533
List the prime factors of 28517992.
2, 3564749
What are the prime factors of 921088?
2, 7, 257
What are the prime factors of 490136?
2, 197, 311
What are the prime factors of 1669356?
2, 3, 13, 29, 41
List the prime factors of 3374679.
3, 7, 11, 2087
What are the prime factors of 699112?
2, 31, 2819
List the prime factors of 21520983.
3, 11, 61, 10691
List the prime factors of 948029.
948029
What are the prime factors of 5484118?
2, 1051, 2609
What are the prime factors of 21044143?
619, 33997
What are the prime factors of 8077996?
2, 89, 22691
List the prime factors of 233746.
2, 73, 1601
List the prime factors of 3535652.
2, 23, 38431
List the prime factors of 1801617.
3, 223, 2693
What are the prime factors of 2885130?
2, 3, 5, 32057
List the prime factors of 5196823.
19, 273517
What are the prime factors of 310904?
2, 11, 3533
What are the prime factors of 7019330?
2, 5, 31, 22643
What are the prime factors of 574841?
631, 911
What are the prime factors of 14401?
14401
List the prime factors of 5436818.
2, 2718409
List the prime factors of 1192881.
3, 167, 2381
What are the prime factors of 449000?
2, 5, 449
List the prime factors of 14530567.
47, 101, 3061
List the prime factors of 13528184.
2, 1691023
What are the prime factors of 80668?
2, 7, 43, 67
List the prime factors of 8371369.
43, 194683
List the prime factors of 796219.
53, 83, 181
List the prime factors of 2063350.
2, 5, 29, 1423
What are the prime factors of 487999?
229, 2131
List the prime factors of 90483.
3, 30161
List the prime factors of 248331.
3, 23, 59, 61
List the prime factors of 10012228.
2, 1423, 1759
What are the prime factors of 811679?
11, 113, 653
What are the prime factors of 63150?
2, 3, 5, 421
What are the prime factors of 933592?
2, 11, 103
List the prime factors of 1531137.
3, 510379
What are the prime factors of 97931?
97931
List the prime factors of 3492127.
1493, 2339
List the prime factors of 1413870.
2, 3, 5, 47129
List the prime factors of 1004262.
2, 3, 7, 23911
What are the prime factors of 73037?
73037
List the prime factors of 755166.
2, 3, 43, 2927
What are the prime factors of 614278?
2, 7, 17, 29, 89
List the prime factors of 99318.
2, 3, 16553
What are the prime factors of 1281510?
2, 3, 5, 29, 491
What are the prime factors of 34899?
3, 11633
What are the prime factors of 4201338?
2, 3, 700223
List the prime factors of 21513.
3, 71, 101
List the prime factors of 476462.
2, 7, 34033
What are the prime factors of 244803?
3, 13, 6277
List the prime factors of 4223936.
2, 31, 2129
What are the prime factors of 4750695?
3, 5, 193, 547
List the prime factors of 397566.
2, 3, 13, 1699
List the prime factors of 345369.
3, 115123
List the prime factors of 50009.
43, 1163
List the prime factors of 92903.
61, 1523
What are the prime factors of 466223?
61, 7643
List the prime factors of 2651421.
3, 883807
What are the prime factors of 33164532?
2, 3, 307079
What are the prime factors of 3213344?
2, 100417
What are the prime factors of 1493437?
11, 137, 991
List the prime factors of 22979956.
2, 1097, 5237
List the prime factors of 2965694.
2, 41, 59, 613
What are the prime factors of 2700531?
3, 61, 4919
List the prime factors of 78964.
2, 19, 1039
List the prime factors of 6141727.
6141727
What are the prime factors of 30254343?
3, 7, 541, 2663
What are the prime factors of 6044766?
2, 3, 7, 13, 11071
List the prime factors of 8166894.
2, 3, 1361149
What are the prime factors of 38850?
2, 3, 5, 7, 37
What are the prime factors of 1115209?
97, 11497
List the prime factors of 493310.
2, 5, 49331
List the prime factors of 12416663.
7, 127, 13967
List the prime factors of 351025.
5, 19, 739
List the prime factors of 231086.
2, 227, 509
What are the prime factors of 98060?
2, 5, 4903
What are the prime factors of 5441667?
3, 7, 11, 23557
What are the prime factors of 63810?
2, 3, 5, 709
What are the prime factors of 47809?
47809
List the prime factors of 3840579.
3, 426731
What are the prime factors of 591264?
2, 3, 2053
List the prime factors of 8254476.
2, 3, 167, 1373
What are the prime factors of 659941?
659941
What are the prime factors of 1011180?
2, 3, 5, 19, 887
List the prime factors of 180515.
5, 79, 457
List the prime factors of 454682.
2, 17, 43, 311
List the prime factors of 6692567.
7, 73, 1871
List the prime factors of 3034575.
3, 5, 13487
List the prime factors of 2278172.
2, 13, 193, 227
List the prime factors of 11108545.
5, 7, 45341
List the prime factors of 5230695.
3, 5, 107, 3259
What are the prime factors of 125339?
125339
What are the prime factors of 332002?
2, 11, 15091
What are the prime factors of 2904790?
2, 5, 7, 17, 2441
List the prime factors of 9507871.
211, 45061
What are the prime factors of 5064016?
2, 316501
What are the prime factors of 701830?
2, 5, 70183
List the prime factors of 3443546.
2, 1721773
What are the prime factors of 938742?
2, 3, 7, 31, 103
List the prime factors of 257775.
3, 5, 7, 491
List the prime factors of 6437852.
2, 37, 43499
What are the prime factors of 510310?
2, 5, 51031
What are the prime factors of 35501?
131, 271
What are the prime factors of 2274132?
2, 3, 7, 27073
List the prime factors of 5140503.
3, 63463
List the prime factors of 171327.
3, 13, 23, 191
List the prime factors 